actors of d(38)?
2, 5, 31
Let g = -71 - -122. Let i = 73 + g. Suppose 168 = 4*z + 4*l, -4*z + 5*l = -i - 62. What are the prime factors of z?
2, 11
Let k(z) = -2*z**2 - 23*z - 23. What are the prime factors of k(-9)?
2, 11
Let t(w) = -w**2 - 4*w + 7. Let c(n) = 3*n**2 + 13*n - 22. Let l(y) = 3*c(y) + 8*t(y). Suppose -44 + 4 = 4*m. List the prime factors of l(m).
2, 5
Let j(y) be the third derivative of 3*y**4/8 + 6*y**3 + 7*y**2. Let q(w) = 2*w + 7. Let v(f) = 4*j(f) - 21*q(f). List the prime factors of v(-4).
3, 7
Suppose -3*c + 5310 = 5*q, -2463 = -3*q + 3*c + 699. What are the prime factors of q?
3, 353
Let j(s) = -s**2 + 21*s + 45. Let m be j(13). Let t = 265 - m. What are the prime factors of t?
2, 29
Let c = -15 + -1. Let x = -1 - c. What are the prime factors of x?
3, 5
Let f be 4/8 - 13/2. Let u be (-6)/4*4/f. What are the prime factors of 21 - (2 - -1)*u?
2, 3
Suppose 3*w - 2570 = -5*j + 8*w, 3*j = -3*w + 1548. What are the prime factors of j?
5, 103
What are the prime factors of ((-498)/15)/(3*7/(-105))?
2, 83
Let d(n) = -139*n - 222. What are the prime factors of d(-5)?
11, 43
Let v be 14 + -1 - (6 + -5). Let c(f) = f - 5. Let s be c(v). Suppose s*w - 54 = 4*w. What are the prime factors of w?
2, 3
Let u(t) = -2*t**2 - 3*t + 17. Let g(q) = 5*q**2 + 8*q - 50. Let a(m) = -3*g(m) - 8*u(m). Let d be a(0). Let j = d + 8. What are the prime factors of j?
2, 11
What are the prime factors of 48/18*(-12)/(-8) - -511?
5, 103
Let a be ((-33)/4)/(0 - 12/128). Suppose 0 = -d + 5*v + a, -3*d + 244 = -0*d - 5*v. List the prime factors of d.
2, 3, 13
Let z = 15 + -3. Suppose m = -3*m + 4*r + z, -5*r - 13 = -4*m. List the prime factors of (-1)/m + (-27)/(-6).
2
Suppose 0 = 8*w + 407 - 7575. What are the prime factors of w?
2, 7
Let r = 41 - 1. Let g = 0 + r. Suppose -g = -5*i + i - a, 20 = 2*i - 5*a. List the prime factors of i.
2, 5
Let b = 3935 - 1110. What are the prime factors of b?
5, 113
Let v be 606/14 + (-8)/28. Suppose 80 = 3*c - v. Suppose -i - 5 = 0, -5*y + 34 = i - c. List the prime factors of y.
2
What are the prime factors of 2132 + (-3 - -6) + -3*2?
2129
Suppose 71 = 4*b - 3*h, 2*b + 3*h + 0*h - 49 = 0. Let c be (-292)/20 - 8/b. Let s = 57 + c. List the prime factors of s.
2, 3, 7
Let a = 6 + -4. Suppose -6*w + a*w = 0. Suppose 4*p - 17 - 35 = w. List the prime factors of p.
13
What are the prime factors of ((-10)/(-30))/(44705/8940 - 5)?
2, 149
Suppose 0 = -p - 40 - 12. Let v = p + 94. What are the prime factors of v?
2, 3, 7
Let c(x) = 562*x + 3. What are the prime factors of c(3)?
3, 563
Let n(f) = -f**3 - f**2 - f + 10. Let i be n(0). Suppose 5*t - i = 3*t. Suppose 36 = 2*a + 4*m, -3*a - 2*m - 60 = -t*a. What are the prime factors of a?
2, 13
Let n = 21 + -23. What are the prime factors of (n - 0)*(1 - 47)?
2, 23
Suppose 0 = y - 5*h + 3*h + 11, 0 = 3*y - 2*h + 17. Let z be (3/(-1) - y)/(-2). Suppose z*i - 33 = -i. What are the prime factors of i?
3, 11
Let h = 12 - 9. Let o(v) = -h - 3*v - 2 + 3 + 6*v. List the prime factors of o(2).
2
What are the prime factors of 47 - (42 - 7)/5?
2, 5
Let h be (3/2)/(-1) + (-530)/(-4). Suppose -5*f + h + 89 = 0. What are the prime factors of f?
2, 11
Let t(q) = 3*q**3 + 2*q**2 - 2*q + 3. Let s be t(3). Let b = 164 - s. Let r = -47 + b. List the prime factors of r.
3, 7
Let p(l) = -7*l - 29. Let z be p(-5). Suppose -41 = z*n - 299. What are the prime factors of n?
43
Let c = -13 + 15. List the prime factors of ((-12)/30)/(c/(-20)).
2
Suppose 4*h = -0*h + 196. Let t = -32 + h. List the prime factors of t.
17
Suppose 5*t = 5, 2 = -4*s + 4*t + 10. Suppose 0 = -3*p + 4*w - 12, -w + s*w = -6. List the prime factors of 11 - (p/(-2) - 3).
2, 5
Let o(t) = 10*t**2 - 5*t - 1. Let q(u) = 10*u**2 - 4*u - 1. Let p(w) = -3*o(w) + 4*q(w). Let g be -2 - (0 + (2 - 2)). What are the prime factors of p(g)?
41
Let m = 2 - -11. Suppose 0 = 6*j - 17 - m. Suppose -3*u - w + j = -u, -5*u + 11 = w. What are the prime factors of u?
2
Let s = -30 + 35. Suppose 108 = 2*r + p, 4*r = r + s*p + 162. List the prime factors of r.
2, 3
Let q be -1 + 2 + (-20)/(-1). Let u be (350/q)/(4/6). Suppose 0*y = -2*x - 3*y + 34, -3*x + 2*y = -u. What are the prime factors of x?
11
Let j(s) = 13*s**2 - 46*s - 169. What are the prime factors of j(23)?
2, 5, 113
Suppose 27*u + 10924 = 57634. What are the prime factors of u?
2, 5, 173
Let s(d) = -12*d - 70. What are the prime factors of s(-11)?
2, 31
Let a(g) = 10*g**3 - 3*g**2 - 2*g. Let b be a(-2). Let v = b + 188. What are the prime factors of 25*5/(v/8)?
2, 5
Suppose 0 = -0*a + 2*a - 2. Suppose -2*i = -3*l - 7*i - 14, -l - 3*i - 10 = 0. Let h = a + l. What are the prime factors of h?
3
Let y = -1 + 2. Let w be (0 - y)/(5/30). Let d(c) = -8*c - 8. What are the prime factors of d(w)?
2, 5
Let j be 3/((-54)/(-392)) - (-60)/270. Suppose -2*y + 2*m + 4 = -3*y, -5*y + j = -4*m. List the prime factors of y.
2
List the prime factors of -6 - 1 - (13 - 490).
2, 5, 47
Suppose -2 = -6*h + 16. Suppose -5*c = y - 92, -y - 109 = -h*y + 5*c. What are the prime factors of y?
67
Let n be -4*2/(-28)*7. Suppose -n*a + i - 39 = -4*a, -i = -3. Suppose 3*v + a = 6*v. List the prime factors of v.
2, 3
Suppose 9 = -k - 2*d + 166, k - 3*d - 177 = 0. List the prime factors of k.
3, 5, 11
Suppose 4*u + 5 + 20 = 3*s, 0 = -2*s + u + 10. Suppose -s - 1 = m. Let j(k) = 2*k**2 + 8*k + 6. What are the prime factors of j(m)?
2, 3
Suppose y = 4*y - 882. Let n = y - -17. What are the prime factors of n?
311
Let q be (-9)/4 - 1/(-4). Let v be (-59)/(-6) + 4/24. Let d = v + q. What are the prime factors of d?
2
List the prime factors of 44795/255*(21 + 0/2).
7, 17, 31
Suppose -101*k + 117*k = 34128. List the prime factors of k.
3, 79
Suppose 2*u + 4 = 0, -2*q + 7 + 1 = 3*u. What are the prime factors of 1*246 + (-5 - (-21)/q)?
2, 61
Let l(c) = c**3 - 12*c**2 + 5*c - 3. Let a be l(12). Let w = a - -23. What are the prime factors of w?
2, 5
Let g(a) = 10*a**3 - 4*a**2 - a - 1. Let c be g(2). Let z = 17 - c. Let s = 79 + z. What are the prime factors of s?
5, 7
Suppose 0 = -5*f + 8 + 2. Suppose f*m + 0*m = 130. Suppose m = 7*d - 2*d. List the prime factors of d.
13
Let x(j) = j + 31. Suppose 4 = -y + 13. What are the prime factors of x(y)?
2, 5
Let q = 5 + -2. Let k be ((32/(-12))/4)/((-1)/195). Suppose -2*v = q*v - k. List the prime factors of v.
2, 13
Let k = 28 - 27. What are the prime factors of 200/6 + k/(-3)?
3, 11
Let f(n) = -7*n**3 + 5*n**2 - 15*n + 6. What are the prime factors of f(-4)?
2, 3, 11
Suppose -4*t + 21 = j, -5*t = -2*j + 4*j - 30. Suppose t*k - 240 = -h, -2*k + 5*h = 15 - 113. What are the prime factors of k?
59
Let m(o) = -4*o + o - 7*o - 13. Let n(r) = -r - 19. Let y be n(-11). What are the prime factors of m(y)?
67
List the prime factors of (-476 - 4 - -1)/((-18)/54).
3, 479
Let j = 830 + -728. List the prime factors of j.
2, 3, 17
Suppose -5*g + 24 = 9. Suppose -5*u - 215 = -n, 3*n - 4*n + 205 = -g*u. What are the prime factors of n?
2, 5, 19
Suppose -3*m + 3456 = -3*z, 14*m = 10*m + z + 4614. List the prime factors of m.
2, 577
Let s(v) = -v**2 + v - 1. Let p(t) = -11*t**2 + 5*t - 3. Let r(m) = p(m) - 3*s(m). Let h be r(2). Let g = 50 + h. What are the prime factors of g?
2, 11
Let j(x) = 34*x**3 + x**2 - x + 1. Let p be j(1). Suppose -4 = 2*w - 10. What are the prime factors of 126/p - w/5?
3
What are the prime factors of -5 - 1*(3 + -154)?
2, 73
Suppose 2*i - 8 = -0*i. Let j be 0*3/9 - 0. Let k = j + i. What are the prime factors of k?
2
Let v(k) = -260*k + 5. Let y be v(-1). Suppose 0 = -3*m + 4*h + 191 + y, m + 2*h = 142. List the prime factors of m.
2, 37
Let k(q) = 3*q**2 - 36*q + 30*q + 10 + 2*q**2 - 3. Let g = 0 - -3. List the prime factors of k(g).
2, 17
Let j(u) = -36*u - 15. Let l = 15 - 21. What are the prime factors of j(l)?
3, 67
Suppose -2*w + 2*q = 7*q - 14, 0 = 4*w + q - 10. Suppose 0 = 3*t + w*t + k - 90, 15 = 3*k. What are the prime factors of (t + 1/(-1))/1?
2
Let w(d) = -d**2 - 7*d - 9. Let k be w(-6). Let t = 8 + k. Suppose 5*m + 5*i = 2*i + 13, m - t*i = -3. What are the prime factors of m?
2
Let r(c) = 454*c - 2. Let g be r(1). Let y = g + -247. List the prime factors of y.
5, 41
Let l(z) be the third derivative of z**4/12 + 16*z**3/3 - 22*z**2. List the prime factors of l(16)